e remainder when t is divided by a?
13
Let v(l) = -39*l - 1. Suppose 4*x = 8, -2*o + 141*x - 136*x = -286. Calculate the remainder when o is divided by v(-1).
34
Suppose 6*l - j = 7*l - 64, -2*l = 4*j - 126. What is the remainder when 1819 is divided by l?
64
Suppose 0 = -5*g + q + 29, -q - 25 = -3*g - 6. Let r = 5 + -3. Suppose 16 = r*s + 2*h, -3*h + 1 = -s - 11. What is the remainder when g is divided by s?
2
Let s = -29 - -30. What is the remainder when 48 is divided by (42/15)/((-18)/20 + s)?
20
Suppose 0 = 5*g + 377 + 323. What is the remainder when 25 is divided by 3/2*g/(-21)?
5
Suppose k + 2*r - 52 = 0, 2*r = -7*k + 4*k + 136. Calculate the remainder when k is divided by 7.
0
Let j(y) = y**3 - 11*y**2 + 25*y + 8. Calculate the remainder when 254 is divided by j(8).
14
Let u be 1/(-3) - 7/((-126)/492). Let x = u + -16. What is the remainder when 74 is divided by x?
8
Suppose 3*s - 27*n = -25*n + 62, -2*s + 5*n + 23 = 0. Calculate the remainder when s is divided by 15.
9
Suppose -5 + 77 = 12*y. Calculate the remainder when 7 is divided by y.
1
Suppose 0 = 15*t - 1280 - 235. What is the remainder when t is divided by 29?
14
Suppose 0 = -4*o - 4 + 116. Suppose -44 - o = -3*f. What is the remainder when 95 is divided by f?
23
Suppose -2*j + 19 = -3*w, 0*j = 5*j - w - 28. Suppose -4*o + j*u + 46 = 0, -3*u - 10 = -o - u. What is the remainder when 38 is divided by o?
10
Let w = -1045 - -1188. What is the remainder when w is divided by 72?
71
What is the remainder when 121 is divided by 2 - (-57 - 2/(1/(-1)))?
7
Let m(h) = h**3 - 2*h**2 - 12*h + 2. Calculate the remainder when 371 is divided by m(5).
14
Let u(k) = -5*k + 4. Let a be u(0). Suppose -a = -2*s, 0*n - n - 3*s = -79. Suppose 3*d = c + d - 21, 5*d = -5. What is the remainder when n is divided by c?
16
Suppose 0 = -95*v + 89*v + 228. Calculate the remainder when v is divided by 11.
5
Let p = -553 + 564. Calculate the remainder when 659 is divided by p.
10
Let a(u) = 0 - u + 2 + 16*u**2 - 1. Suppose -21*k + 25*k = 252. What is the remainder when k is divided by a(1)?
15
Let h(s) = -6*s + 3. Let z = 5 - 3. Let u be h(z). Calculate the remainder when 53 is divided by (12/u)/((-4)/42).
11
Suppose g - 335 = -3*o, 4*o + 7 = -5. What is the remainder when g is divided by 20?
4
Let b = -331 - -390. Calculate the remainder when 169 is divided by b.
51
Suppose -2*j = -2 + 12, 2*p = -4*j - 16. Suppose -k + 4*i + 32 = 0, 0 = -5*k + 5*i + 61 + 99. Calculate the remainder when k is divided by (60/75)/(p/30).
8
Let v(r) = 4*r**3 + r**2 - 2*r. Let g(t) = t + 8. Let j be g(-6). What is the remainder when 94 is divided by v(j)?
30
Suppose 2*j = 626 - 264. Suppose -141 = -3*h - 3*y, 6*h - 5*y - 179 = 2*h. What is the remainder when j is divided by h?
43
Suppose 210 = -12*o + 42. Let q = o + 23. Let j(r) = r + 24. Calculate the remainder when j(0) is divided by q.
6
Suppose -3*q = 5*f - 449, 2*f + 417 = 3*q - f. What is the remainder when q is divided by 29?
27
Suppose 4*y + 11 = 5*r - 2, 4*y = 3*r - 3. What is the remainder when 18 is divided by r?
3
Let s(g) = -2*g + 4. Let t be s(9). Let o be (t/(-4))/((-1)/(-2)). Suppose 3*a = o + 32. What is the remainder when a is divided by 7?
6
Let f(l) = -3*l - 24. Let z(b) = -70*b - 2. Calculate the remainder when z(-1) is divided by f(-12).
8
Suppose 0*y = -3*y - n + 851, 5*n - 279 = -y. Calculate the remainder when y is divided by 49.
39
Suppose -5*l + 830 - 60 = 0. Calculate the remainder when l is divided by 12.
10
Suppose 0 = -6*z + z - 200. Suppose -5*h - 341 = -3*q, -2*h - 4*q - 70 = 56. Let j = z - h. Calculate the remainder when 52 is divided by j.
25
Let l(y) = -y**2 - 17*y - 7. Let d(u) = u**3 - 12*u**2 + 22. Calculate the remainder when l(-7) is divided by d(12).
19
Suppose 2*y - 31 + 11 = -5*c, 5*c = 4*y + 20. Calculate the remainder when 51 is divided by (90/12)/(-5) - (-22)/c.
3
What is the remainder when (-2873)/(-9) - (110/90 - 1) is divided by 54?
49
Suppose 0 = 4*q - 13 + 9. Let b be (-3 + 2)/(q/6). Let n = 21 + b. What is the remainder when 59 is divided by n?
14
Suppose 12*l - 264 = 120. What is the remainder when l is divided by 11?
10
Let l(d) = d + 6. Let j be (1 - 3) + 2 + 2. Suppose -j*i - i = -4*z + 3, 2*i = -z - 2. Calculate the remainder when 23 is divided by l(z).
5
Suppose 10*z - 7*z - 6 = 0. Suppose -4*i + 54 = z*b, 4*i - 89 = -3*b - 38. Calculate the remainder when 116 is divided by i.
11
Let f = -699 - -912. What is the remainder when f is divided by 53?
1
Let v(z) = 17*z + 19. Calculate the remainder when v(2) is divided by -18*(-3 - 20/(-8)).
8
What is the remainder when 152 is divided by 32/(-9 - (-40)/4)?
24
Let a(y) = -5*y + 2. Let r be a(-1). Suppose -r*q + 72 = -4*q. Suppose 4*u + 4*s = 24, 4*s = 2*u - 0*s - q. What is the remainder when 31 is divided by u?
7
Let f(c) = 18 + 6*c + 0*c**2 + 7*c - 11*c**2 + 13*c**2. What is the remainder when f(-8) is divided by 11?
9
What is the remainder when 103 is divided by (255/9)/(-17) - (-173)/3?
47
Let h = 284 + -281. What is the remainder when 11 is divided by h?
2
Suppose 0 = -46*j + 48*j - 36. Calculate the remainder when j is divided by 14.
4
Let j(q) = -7*q - 28. Let i(r) = 8*r + 29. Let x(d) = -6*i(d) - 7*j(d). Suppose -2*v = -6*v. What is the remainder when 41 is divided by x(v)?
19
Suppose 0 = a + 4*a - 55. Calculate the remainder when 30 is divided by a.
8
Suppose 11*y + 20 = 12*y. Suppose -46 = 19*u - y*u. Suppose -3*p = w - 64 + 27, -4*w = 2*p - 28. What is the remainder when u is divided by p?
10
Suppose 0*m + 224 = 2*m - 5*s, 2*m = s + 216. Calculate the remainder when 416 is divided by m.
95
Suppose -2*m + 130 = 100. What is the remainder when 17 is divided by m?
2
Let c(v) = v**2 + v. Let z be c(-3). Suppose 4*m = -2*w + 60, z*w + 5*m - 160 = w. Suppose 110 - w = 4*b. What is the remainder when 54 is divided by b?
16
Suppose 5*q - 58 = 7. Let h = -10 + 72. What is the remainder when h is divided by q?
10
Let z(c) = -c**2 - 27*c - 124. What is the remainder when 62 is divided by z(-20)?
14
Suppose 0 = 4*d - 5*g - 123, 409*d - g + 193 = 415*d. Calculate the remainder when d is divided by 23/2 + 1/(-2).
10
Let h(m) be the second derivative of 2*m**5/5 + m**4/12 - m**2 + 37*m. Calculate the remainder when 14 is divided by h(1).
0
Let w(f) = -f**2 - 11*f - 5. Suppose -4*m = a - 3*a + 30, -2*a + 20 = -3*m. What is the remainder when w(m) is divided by 4?
1
Let c(t) = -7*t + 45. Let u be c(6). Suppose -5*z = -4*b - u, 0*b = -2*b + 2*z. Calculate the remainder when b is divided by (-7)/(-9) + (-2)/(-9).
0
Suppose 85 = 5*g - 25. Calculate the remainder when 537/5 + (-3)/(-5) is divided by g.
20
Let t(c) = 7*c + 64. What is the remainder when 36 is divided by t(-6)?
14
Let r(w) = 119*w - 560. Let y = 286 + -183. Calculate the remainder when y is divided by r(5).
33
Suppose 0 = 4*d - 12*d + 248. What is the remainder when 58 is divided by d?
27
Let j = -385 + 397. What is the remainder when 549 is divided by j?
9
Calculate the remainder when 10 is divided by (24 - 26)/(2/(-4)).
2
Suppose -115 - 175 = -10*b. Calculate the remainder when 317 is divided by b.
27
Let q(h) = -h**3 - 17*h**2 - 4*h - 5. What is the remainder when q(-17) is divided by 23?
17
Let i(c) = -6*c - 233. What is the remainder when i(-53) is divided by 22?
19
Suppose -k = 3*m + 4*k + 141, 4*k - 156 = 4*m. Calculate the remainder when 95 is divided by (m/4)/(27/(-126)).
46
Let b be (-2105)/(-10) - 2/4. Suppose -7*a = -5*a - b. Suppose -3*p + a = -2*p. What is the remainder when p is divided by 27?
24
Suppose 9*q + 1213 - 1366 = 0. Let u(k) = k**3 + 8*k**2 - 12*k + 4. Suppose -5*d = 11 + 34. Calculate the remainder when u(d) is divided by q.
14
Let h = -32 - -58. Suppose 3*k - 5*q = -2*k + 260, -3*k + 132 = 5*q. What is the remainder when k is divided by h?
23
Let r(h) = -h**3 - 15*h**2 + 16*h + 6. Let g be r(-16). Suppose -256 = -g*z + 20. Calculate the remainder when 91 is divided by z.
45
Suppose 56 = 4*y + 5*j - 2*j, 0 = -5*j - 20. What is the remainder when y is divided by 15?
2
Suppose -116*p + 111*p + 45 = 0. Suppose -128 = -p*u + 16. Suppose 5*m - 5*i - 320 = -115, 5*m + 2*i - 226 = 0. Calculate the remainder when m is divided by u.
12
Let l(y) = y**2 + 6*y + 5. Let x be l(-6). Suppose -x*a = 18 - 